at is the tens digit of k?
9
Suppose k - 4*a + 9*a = 35, 3*k = -a + 161. What is the units digit of k?
5
Let l = 344 - -2498. What is the thousands digit of l?
2
Suppose -24392 = -9*w + 22219. What is the hundreds digit of w?
1
Let t(s) = s**3 - 9*s**2 + 8*s + 8. Let b be t(8). Let n(y) = y**2 - 2*y - 18. Let c be n(b). Let j = c + 45. What is the units digit of j?
5
Suppose 7*c - 3*c = 0. What is the units digit of 1/(c - 5/(-335))?
7
Let u = -1240 - -2005. What is the tens digit of u?
6
Let s(a) be the second derivative of -2*a**3/3 - a**2/2 - 9*a. Let x be s(-2). What is the units digit of 10/(-35) + 303/x?
3
Suppose 636 = 52*z - 51*z. What is the units digit of z?
6
Let p(m) be the second derivative of -4*m**3/3 - m**2 - 2*m. Let b(f) = -f - 6. Let i be b(-4). What is the tens digit of p(i)?
1
Suppose -2*j + 5*j = 3. Suppose 2*o - 7 = -j. Suppose -o*s + 0*s + 84 = 0. What is the tens digit of s?
2
Suppose -i - 28 = -4*r + 241, -r = i - 71. Suppose -2*b + r = -2*k, -34 = -b - 0*b - 2*k. What is the tens digit of b?
3
Let m = 5525 + -2947. What is the units digit of m?
8
Let f = 17 - 5. Let i be (-137)/(-9) - f/54. What is the tens digit of i + 3 + -2 + -4?
1
Suppose 4*j + 5*r = 16, 0 = -r + 6*r. Suppose 2*l = -j*y + 196, -15 = -3*l - 3. What is the units digit of y?
7
Let y(j) = -61*j - 93. What is the thousands digit of y(-24)?
1
Let o(q) = 2*q**3 + 61*q**2 - 60*q - 26. What is the units digit of o(-31)?
3
What is the tens digit of (-18)/153 + (-13200)/(-68)?
9
Let j(w) = -w**2 + 5*w. Let b be j(4). Suppose 2*m + 2*m = -o - 11, 3 = -o + b*m. What is the tens digit of -2 + (-3 - o) + 14?
1
Let o be -3 - (2 + (-16)/4). Let u be (-3)/1 - 5*o. What is the units digit of u + (-4)/(8/(-6))?
5
Let g(n) = 145*n + 34. What is the tens digit of g(2)?
2
Suppose 7*x + 9*x - 16416 = 0. What is the tens digit of x?
2
Let l(d) be the third derivative of 77*d**5/30 + d**4/3 - d**3/3 - 10*d**2 - 2. What is the units digit of l(1)?
0
Let l = 1678 + -978. Suppose 0*n = 4*n - 4*j - l, 155 = n + 3*j. What is the hundreds digit of n?
1
Let x(z) = -519*z + 106. What is the hundreds digit of x(-5)?
7
Let w(s) = s**3 + 6*s**2 + 3*s. Let p be w(-2). Let t = p - -3. What is the units digit of t?
3
Suppose 5*q = 0, 0 = -7*h + 3*h + 4*q + 16. Suppose 44 = i - h*u, u - 194 = -4*i - u. What is the tens digit of i?
4
Suppose -154*y + 159*y - 4185 = 0. What is the tens digit of y?
3
Let v(h) = -9*h**3 - 2*h**2 - 2*h. Let q = -12 - -10. What is the units digit of v(q)?
8
Let i = 21 - -32. Let z = 66 - i. What is the tens digit of z?
1
Let d = 30 - 25. Suppose -4*o = -d*m - 404 + 35, -5*o + 2*m = -440. What is the tens digit of o?
8
Let o(d) = 164*d**2 - 74*d**2 - 83*d**2. Suppose 4*x = -2 + 6. What is the units digit of o(x)?
7
Let l(j) = 139*j - 107. What is the tens digit of l(6)?
2
Let z = -927 - -1820. What is the tens digit of z?
9
Let t = 7 - 4. Suppose -4*u + 0*w + 207 = w, 0 = t*w + 15. What is the tens digit of u?
5
Let k = -47 + 161. Let s = k + -50. What is the units digit of s?
4
Let p(z) = -6*z + 1. Let k be p(1). Let f be k/(-20) - 111/12. Let c(b) = b**3 + 8*b**2 - 10*b + 1. What is the tens digit of c(f)?
1
Suppose 2*m = 2*c - 1442, 0 = 3*m + 11 - 2. What is the units digit of c?
8
Suppose 0 = i + 2*y - 32, 2*y + 2*y - 136 = -5*i. What is the tens digit of (-710)/(-8) - (-6)/i?
8
Suppose 4*k + 3*k = 42. Let g be (-564)/6*k/(-4). Let b = g + -70. What is the tens digit of b?
7
Let j(v) = 2105*v**2 + 9*v - 9. What is the hundreds digit of j(1)?
1
Let z(n) = -30*n + 11*n + 8*n - n**2 + 10. Let a be z(-10). Suppose 3*i - a = -i. What is the units digit of i?
5
Suppose q - 4*q + 9 = 0. Suppose q*k + 2 = 2*f - 2, f - 7 = -k. Suppose k*g - 61 + 1 = 0. What is the units digit of g?
0
Let t = -36 - -39. Suppose 278 = t*g + 5*n, -3*n - 2*n = 4*g - 364. What is the tens digit of g?
8
Let v = -9618 + 13879. What is the units digit of v?
1
Suppose 0 = 51*a - 44*a - 19817. What is the tens digit of a?
3
Let h = -253 + 597. What is the hundreds digit of h?
3
Suppose 0 = -20*j + 4277 + 6423. What is the units digit of j?
5
Let d be (-2)/(16/6 - 2). Let t(m) = m**2 + 2*m + 3. Let a be t(d). What is the units digit of a - (3 - 2 - 3)?
8
Let d(w) = -85*w + 10. What is the hundreds digit of d(-3)?
2
Let g(i) = -2*i**3 + 25*i**2 - 11*i - 10. Let u be g(12). Suppose m - 243 = -3*z + 92, -440 = -4*z + u*m. What is the units digit of z?
1
Let v(h) = -2*h**2 + 43*h + 19. Let p be v(22). Let g be (6/(-8))/(1/152). What is the units digit of g/(-3) - p/(-3)?
7
Suppose 3*i = 3*g + 38 - 464, -4*i - 430 = -3*g. What is the tens digit of g?
3
What is the tens digit of 1519 - 25/(6 - 1)?
1
Suppose -8*a = -4*a - 8. What is the tens digit of 148*(4 + (-4)/a)/8?
3
Suppose 5*l - l = -3*z + 1092, 3*z + 5*l - 1089 = 0. Let d = z - 212. What is the units digit of d?
6
What is the hundreds digit of (-1713)/(-1) - (-2 + 20/5)?
7
Suppose 7835 - 251 = 8*l. What is the units digit of l?
8
Suppose -8*s + 12*s = 1816. What is the units digit of s?
4
Let g(x) = 90*x**2 - 10*x - 51. What is the units digit of g(-5)?
9
Let j(f) = f. Let k(p) = -4*p - 17. Let q(l) = -6*l - 26. Let r(c) = 8*k(c) - 5*q(c). Let h be r(-6). What is the units digit of j(h)?
6
What is the hundreds digit of 39*6/(-5)*(-32 + 22)?
4
Let r(k) = -6*k + 4. Let b be r(14). Let o = 169 + b. What is the tens digit of o?
8
Let w = 29 + -38. What is the tens digit of (-6)/w - (1164/(-9) + -3)?
3
Suppose -2*v - 8 = 2*v. Let y be (-1 - (-4 - -1)) + v. Suppose -2*n + 40 = -y*n. What is the tens digit of n?
2
Suppose -177*k + 622 = -175*k. What is the hundreds digit of k?
3
Suppose -7*z + 7419 + 3914 = 0. What is the hundreds digit of z?
6
Suppose -4*h + 147 = -2*h - 5*p, -p - 425 = -5*h. Suppose -b + 17 = -h. What is the units digit of b?
3
Let g(r) = -r**3 - 21*r**2 - 3*r - 69. What is the thousands digit of g(-24)?
1
Let o = 52 + -54. What is the units digit of (o*36/8)/(-1)?
9
Let v be 2 - (0/1 - 0). Let u(i) = 52*i + 1. Let f be u(v). Let w = -73 + f. What is the units digit of w?
2
Let t(a) = -a**3 + 3*a**2 - 12*a + 20. Let d be t(6). Let c = 13 - d. What is the hundreds digit of c?
1
Suppose -5*d = 4*p - 805 - 422, 5*p + 3*d = 1537. What is the tens digit of p?
0
Suppose 11 - 65 = 6*h. Let p(s) = 3*s - 14 + 0*s**2 + 3*s**2 - 2*s**2. What is the units digit of p(h)?
0
Suppose -5*b + 72 - 7 = r, 2*b - 3 = -5*r. Let y = b + -13. What is the units digit of y?
1
Let h = -45 - -27. Let n = 8 + 0. What is the units digit of ((-12)/n)/3*h?
9
Suppose 23*f + 8*f - 7781 = 0. What is the hundreds digit of f?
2
Let r(b) = 94*b**3 - b**2 - 2*b - 1. Let v be r(-1). Let d = 137 + v. What is the tens digit of d?
4
Let a be 1*(-188 + -1)/3. Suppose 4*m = 5*u + 351, -2*u - 1 = -11. Let j = m + a. What is the tens digit of j?
3
Let b(o) = -3*o**2 + 7*o - 20. Let w be b(8). Let x = w - -331. What is the hundreds digit of x?
1
Suppose -5*c = -3*c + 4. Let q be c - -3 - 0 - 1. Suppose -4*y = 4*j - y - 61, -j + 4*y + 39 = q. What is the units digit of j?
9
Let g = 477 + -210. Let m = g + -158. What is the tens digit of m?
0
Let v = -4332 - -7085. What is the hundreds digit of v?
7
Suppose -j - 181 = -3*y, -2*y - 3*j = 2*y - 224. Suppose -x = 2*f - y, 5*f = 3*f + 4*x + 74. What is the tens digit of f?
3
Suppose 33*f - 15931 = 12614. What is the units digit of f?
5
Let i(g) be the third derivative of 0*g**3 + 0 + 0*g + 0*g**4 - 10*g**2 + 7/60*g**6 - 1/60*g**5. What is the units digit of i(1)?
3
Let i(j) = -2*j - 10. Suppose v + 17 = 10. What is the units digit of i(v)?
4
Let d(q) = -2*q - 10. Let f be d(-11). Suppose 0 = -f*s + 3*s + 2124. What is the tens digit of s?
3
Let q(z) = 7*z**3 + 8*z**2 + z - 2. Let r(s) = -s**3 - s**2. Let l(b) = -q(b) - 4*r(b). Suppose 0 = 7*j - 3*j + 8. What is the units digit of l(j)?
2
Suppose 5*p + 3*r = 3*p - 3, 0 = -3*p + 3*r + 3. Suppose 6*f + 126 - 456 = p. What is the units digit of f?
5
Suppose -8*x + 6718 = 2022. What is the tens digit of x?
8
What is the hundreds digit of (-7)/(-2) + (-271166)/(-196)?
3
Suppose 0 = 4*y + 16, -3*n + 1195 + 5041 = 4*y. What is the hundreds digit of n?
0
Suppose -162 = 5*p - 4*l, -2*l - 108 = 3*p + l. Let y = -2 - p. What is the units digit of y?
2
Suppose -c = -u + c + 371, 0 = -4*u + 